sor of 989843495 and 19545.
6515
Calculate the greatest common divisor of 11636651 and 117.
13
What is the greatest common divisor of 21504 and 5339712?
1344
Calculate the greatest common divisor of 111739 and 3591.
19
Calculate the highest common divisor of 8 and 92471272.
8
Calculate the highest common factor of 20 and 1248396.
4
What is the highest common factor of 6950 and 12642100?
50
Calculate the greatest common divisor of 21044683 and 242.
121
Calculate the highest common divisor of 2258 and 105710528.
2258
Calculate the highest common factor of 228720 and 10800.
240
Calculate the greatest common factor of 23588987 and 29349.
1087
What is the highest common divisor of 10558 and 1922?
2
Calculate the greatest common divisor of 2157 and 34265383.
719
Calculate the greatest common factor of 55492 and 14848.
4
Calculate the highest common divisor of 2772550 and 110.
110
What is the highest common factor of 19464 and 2484?
12
Calculate the greatest common factor of 147 and 27808557.
21
What is the highest common factor of 34225 and 17390?
185
Calculate the highest common factor of 1163385 and 392430.
1545
What is the greatest common factor of 235134 and 20952?
18
What is the highest common divisor of 283989 and 4335147?
1569
Calculate the greatest common divisor of 845048 and 584.
584
Calculate the highest common divisor of 763677321 and 33.
33
What is the highest common factor of 2982072 and 2958?
102
What is the greatest common divisor of 2876203 and 121?
11
Calculate the highest common factor of 18198941 and 2827.
257
Calculate the highest common factor of 69438 and 47406.
6
What is the greatest common divisor of 3120 and 3374280?
1560
What is the highest common divisor of 474216 and 30180?
12
Calculate the greatest common divisor of 5346 and 43538.
22
What is the highest common factor of 146421 and 23463?
297
Calculate the greatest common divisor of 2784 and 108439236.
348
Calculate the greatest common divisor of 2610 and 2435367510.
2610
Calculate the highest common divisor of 2090 and 68134.
418
Calculate the highest common divisor of 305214 and 204078.
1806
Calculate the highest common divisor of 1975 and 10704105.
395
Calculate the highest common factor of 17545 and 1977745.
605
Calculate the greatest common factor of 7596003 and 22173.
1167
Calculate the highest common divisor of 6 and 5149930.
2
Calculate the highest common divisor of 155 and 1604591.
31
Calculate the greatest common factor of 12001 and 34859.
11
What is the greatest common factor of 172 and 193403164?
172
Calculate the greatest common divisor of 315 and 109970.
35
What is the greatest common divisor of 66872 and 45656?
104
Calculate the greatest common divisor of 144 and 58667076.
36
Calculate the greatest common divisor of 46 and 76522058.
46
What is the highest common divisor of 2364876 and 90?
18
What is the greatest common divisor of 242996 and 18369?
13
What is the greatest common factor of 615604 and 646?
34
What is the greatest common factor of 1175 and 3429850?
25
What is the highest common divisor of 74613 and 6457017?
399
What is the highest common divisor of 1954 and 368?
2
Calculate the greatest common divisor of 40 and 832699640.
40
What is the highest common divisor of 272 and 73295704?
136
What is the greatest common factor of 128580777 and 120528?
7533
What is the highest common divisor of 5112747 and 4131?
27
Calculate the highest common factor of 46575173 and 2471.
353
What is the highest common divisor of 85 and 1318928323?
17
What is the greatest common factor of 2622 and 1110279?
69
Calculate the highest common factor of 2947353 and 1440756.
3873
Calculate the highest common divisor of 535642 and 10379.
107
What is the highest common factor of 1520 and 12552920?
760
What is the highest common factor of 140 and 94180?
20
Calculate the highest common factor of 68 and 28806279.
17
Calculate the greatest common factor of 5550 and 14208000.
5550
What is the greatest common divisor of 44 and 1424049?
11
Calculate the greatest common divisor of 18840 and 23890.
10
What is the highest common divisor of 760819 and 1186?
593
Calculate the greatest common divisor of 365 and 781315.
5
What is the greatest common divisor of 16530144 and 63150?
2526
Calculate the greatest common factor of 1185640 and 24680.
40
Calculate the highest common factor of 154 and 22193094.
154
Calculate the highest common divisor of 123957168 and 48.
48
Calculate the greatest common factor of 524096 and 208.
16
Calculate the highest common divisor of 6 and 1058725194.
6
Calculate the greatest common factor of 45951845 and 67441.
6131
What is the highest common factor of 5771953 and 3762?
209
Calculate the highest common factor of 3839 and 49732500.
349
Calculate the greatest common factor of 388 and 60563502.
194
Calculate the highest common factor of 31787 and 239956.
239
Calculate the greatest common divisor of 1961 and 196445507.
53
What is the highest common factor of 25899 and 26166?
267
Calculate the highest common factor of 368740830 and 75.
15
What is the greatest common factor of 7654 and 15188159?
43
Calculate the highest common factor of 118590 and 9725855.
295
What is the highest common divisor of 34742186 and 5032?
1258
What is the highest common factor of 627 and 804804?
33
Calculate the highest common factor of 179441038 and 406.
406
What is the highest common divisor of 2116 and 155917?
23
What is the greatest common factor of 3234 and 31218?
66
What is the highest common divisor of 9 and 9385476?
3
What is the highest common factor of 481714 and 10593?
107
Calculate the highest common divisor of 5431785 and 1110.
555
Calculate the greatest common divisor of 2288 and 1288001.
143
Calculate the highest common factor of 674697980 and 20900.
4180
What is the highest common divisor of 58685 and 1058750?
605
What is the highest common factor of 1474005 and 416?
13
Calculate the highest common factor of 35184667 and 7.
7
What is the highest common factor of 483 and 2960664?
21
What is the greatest common divisor of 54698 and 215026?
14
Calculate the highest common factor of 1299 and 194412.
3
What is the highest common factor of 616 and 1383844?
308
Calculate the highest common divisor of 351715137 and 228.
57
Calculate the greatest common factor of 496224 and 179440.
16
What is the greatest common factor of 748530 and 3750?
30
What is the highest common factor of 7892 and 1344?
4
What is the highest common factor of 144 and 22433454?
18
Calculate the highest common divisor of 1994 and 3467.
1
What is the highest common factor of 2792 and 94664?
8
What is the highest common divisor of 19 and 9814412?
19
What is the highest common divisor of 2449473 and 267537?
1041
What is the greatest common factor of 295666921 and 44?
11
Calculate the highest common divisor of 8137109 and 22424.
2803
Calculate the highest common factor of 956786152 and 1992.
664
What is the highest common factor of 10515021 and 1328?
83
Calculate the highest common divisor of 4323 and 1386897.
393
What is the highest common factor of 174 and 12437694?
174
Calculate the highest common divisor of 22919208 and 312.
312
What is the greatest common divisor of 8920033 and 693191?
1829
What is the greatest common factor of 22648 and 31768?
152
What is the greatest common factor of 1508910276 and 36?
12
Calculate the highest common factor of 1137514 and 10850.
434
Calculate the highest common factor of 73540 and 2060.
20
What is the greatest common factor of 56977 and 1506599?
227
Calculate the highest common factor of 16883347 and 13.
13
What is the highest common factor of 43730939 and 441?
7
Calculate the highest common divisor of 104 and 124182994.
26
Calculate the greatest common factor of 22 and 29131201.
11
What is the highest common factor of 61028 and 671?
11
Calculate the highest common factor of 44 and 1726647868.
44
What is the highest common divisor of 342265896 and 6192?
3096
Calculate the greatest common factor of 40284079 and 55.
11
Calculate the greatest common factor of 231 and 2189946.
33
Calculate the highest common divisor of 31 and 200267.
1
Calculate the greatest common divisor of 28267 and 1618593.
1229
Calculate the highest common divisor of 5385 and 19020.
15
What is the highest